{"id":274,"date":"2022-05-09T14:12:00","date_gmt":"2022-05-09T12:12:00","guid":{"rendered":"https:\/\/aunomdelart.net\/?page_id=274"},"modified":"2025-08-17T22:47:16","modified_gmt":"2025-08-17T20:47:16","slug":"gaoui-village-de-largile-2021-2022","status":"publish","type":"page","link":"https:\/\/aunomdelart.net\/index.php\/projets-et-actions\/gaoui-village-de-largile-2021-2022\/","title":{"rendered":"Gaoui &#8211; Village de l&#8217;argile"},"content":{"rendered":"\n<figure class=\"wp-block-table\"><table><tbody><tr><td><strong>Association Au Nom de l\u2019Art (Tchad) et Talents d\u2019Ailleurs (France)<\/strong><\/td><\/tr><tr><td>&nbsp;Avec une participation financi\u00e8re d&#8217;Acc\u00e8s culture <\/td><\/tr><\/tbody><\/table><\/figure>\n\n\n\n<figure class=\"wp-block-image size-large\"><img loading=\"lazy\" width=\"293\" height=\"165\" src=\"https:\/\/aunomdelart.net\/wp-content\/uploads\/2022\/06\/telechargement.jpg\" alt=\"\" class=\"wp-image-275\" srcset=\"https:\/\/aunomdelart.net\/wp-content\/uploads\/2022\/06\/telechargement.jpg 293w, https:\/\/aunomdelart.net\/wp-content\/uploads\/2022\/06\/telechargement-230x130.jpg 230w\" sizes=\"(max-width: 293px) 100vw, 293px\" \/><\/figure>\n\n\n\n<p>L&#8217;ann\u00e9e 2021\/2022  a \u00e9t\u00e9 ax\u00e9e sur le renforcement des capacit\u00e9s du village de Gaoui \u00e0 travers&nbsp;:<\/p>\n\n\n\n<ul><li>La formation des femmes poti\u00e8res de Gaoui par nos partenaires de Grenoble.<\/li><li>La construction d\u2019un four \u00e0 gaz et l\u2019apprentissage de son utilisation<\/li><li>L\u2019organisation des randonn\u00e9s p\u00e9riodiques pour faire conna\u00eetre le projet et cr\u00e9er une nouvelle activit\u00e9 \u00e9conomique autour de l\u2019argile impliquant plus de villageois<\/li><li>La cr\u00e9ation d\u2019un centre de ressources \u00e0 Gaoui<\/li><li>L\u2019acquisition d\u2019un d\u00e9but d\u2019autonomie financi\u00e8re pour les poti\u00e8res.<\/li><\/ul>\n\n\n\n<p>Des s\u00e9ries d\u2019expositions-ventes des \u0153uvres ont eu lieux lors des diff\u00e9rentes randonn\u00e9s organis\u00e9es \u00e0 Gaoui.<\/p>\n\n\n\n<p>Des visites des stands et de la galerie sont faites pendant toute la p\u00e9riode du projet et continuent par se faire \u00e0 travers les randonn\u00e9es et d\u2019autres activit\u00e9s annexes.<\/p>\n\n\n\n<p><strong>Les Formations<\/strong><\/p>\n\n\n\n<p>Dans le cadre de ce deuxi\u00e8me projet, les femmes poti\u00e8re ont b\u00e9n\u00e9fici\u00e9 de la construction d\u2019un four \u00e0 gaz et aussi que des formations sur les modules suivants&nbsp;:<\/p>\n\n\n\n<ul><li><strong>Composition et Conservation de l\u2019argile&nbsp;;<\/strong><\/li><li><strong>Techniques de fabrication des \u0153uvres<\/strong><\/li><li><strong>Modelage et finition des \u0153uvres&nbsp;;&nbsp;&nbsp;&nbsp;&nbsp;&nbsp;&nbsp;&nbsp;&nbsp;&nbsp;&nbsp;&nbsp;&nbsp;&nbsp;<\/strong><\/li><li><strong>Technique de cuisson au four \u00e0 gaz&nbsp;;<\/strong><\/li><li><strong>Comment g\u00e9rer les \u0153uvres dans une galerie.<\/strong><\/li><\/ul>\n\n\n\n<p>Ces diff\u00e9rents modules techniques ont fait l\u2019objet des formations donn\u00e9es par&nbsp; Florian Culis et Ana\u00efs Michalinof venus de l\u2019\u00e9cole de poterie de Grenoble pour partager leurs exp\u00e9riences avec les femmes poti\u00e8res de Gaoui sur ce deuxi\u00e8me projet. &nbsp;<\/p>\n\n\n\n<p>Un renforcement de capacit\u00e9 s\u2019est fait \u00e0 travers le module sur le mod\u00e8le \u00e9conomique des \u0153uvres artisanales par la direction de la promotion de l\u2019artisanat.<\/p>\n\n\n\n<p><strong>III- Les Randonn\u00e9s<\/strong><\/p>\n\n\n\n<p> 5 randonn\u00e9es ont \u00e9t\u00e9 organis\u00e9es pendant la p\u00e9riode de ce deuxi\u00e8me projet \u2018\u2019Gaoui Village de l\u2019Argile\u2019\u2019.<\/p>\n\n\n\n<p>Ces diff\u00e9rentes randonn\u00e9es ont vu la participation de plus 800 personnes de tous les \u00e2ges et de toutes les couches sociales.<\/p>\n\n\n\n<p>Pour ces randonn\u00e9es, plusieurs activit\u00e9s ont \u00e9t\u00e9 cr\u00e9\u00e9es pour d\u00e9velopper le c\u00f4t\u00e9 \u00e9conomique et touristique au profit du village Gaoui en g\u00e9n\u00e9ral et des poti\u00e8res en particulier.<\/p>\n\n\n\n<p>Ces activit\u00e9s sont entre autres&nbsp;:<\/p>\n\n\n\n<p><strong>-La poterie&nbsp;:<\/strong><\/p>\n\n\n\n<p>Cette activit\u00e9 a permis aux visiteurs et visiteuses pendant les diff\u00e9rentes randonn\u00e9s de d\u00e9couvrir le monde de l\u2019argile et de la cr\u00e9ation des objets sous la direction des femmes poti\u00e8res et des formateurs venus de Grenoble (France). Les participants \u00e0 cette activit\u00e9 \u00e9taient beaucoup plus les enfants et les jeunes.<\/p>\n\n\n\n<p><strong>-Visite des labyrinthes&nbsp;:<\/strong><\/p>\n\n\n\n<p>C\u2019est une phase de faire d\u00e9couvrir aux participants et participantes le village Gaoui dans ses profondeurs (habitations, rues, ruelles) \u00e0 travers des s\u00e9ances de marche en petit groupe.<\/p>\n\n\n\n<p><strong>-Visite du mus\u00e9e de Gaoui&nbsp;:<\/strong><\/p>\n\n\n\n<p>Cette \u00e9tape a permis aux participants et participantes pendant les randonn\u00e9es de visiter le mus\u00e9e et d\u00e9couvrir les objets historiques et la vraie histoire des Sao Kotoko.<\/p>\n\n\n\n<p><strong>-Visite des stands et de la galerie&nbsp;:<\/strong><\/p>\n\n\n\n<p>D\u00e9couvertes des \u0153uvres, \u00e9changes avec les poti\u00e8res autour du projet, Achat des objets souvenir par les visiteurs \u2013 visiteuses et participants \u2013 participantes lors des randonn\u00e9s.<\/p>\n\n\n\n<p><strong>-La peinture murale&nbsp;:<\/strong><\/p>\n\n\n\n<p>Activit\u00e9 d\u00e9tente et cr\u00e9ation des empreintes souvenir par les participants et participantes sur les murs de la maison de l\u2019argile qui abrite le projet.<\/p>\n\n\n\n<p><strong>-Les activit\u00e9s artistiques (musique, contes)&nbsp;:<\/strong><\/p>\n\n\n\n<p>Moments de partage autour de la musique et des contes entres artistes et participants \u2013 participantes lors des randonn\u00e9s.<\/p>\n\n\n\n<p><strong>-La gastronomie locale<\/strong>&nbsp;<strong>:<\/strong><\/p>\n\n\n\n<p>Cette phase a permis de faire d\u00e9couvrir aux participants et participantes la gastronomie locale servi dans les assiettes en argile fabriqu\u00e9es par les poti\u00e8res dans le cadre des diff\u00e9rents projets Acc\u00e8s Culture.<strong><br><\/strong><\/p>\n\n\n\n<p><strong>IV- Am\u00e9nagement de l\u2019Espaces<\/strong><\/p>\n\n\n\n<p>En pr\u00e9lude du lancement du deuxi\u00e8me projet \u2018\u2019Gaoui Village de l\u2019Argile\u2019\u2019, des travaux d\u2019am\u00e9nagement de la maison de l\u2019Argile ont \u00e9t\u00e9 lanc\u00e9s. Il s\u2019agit de&nbsp;:<\/p>\n\n\n\n<ul><li>-Construction du mur de cl\u00f4ture de l\u2019espace avec les briques en terre&nbsp;;<\/li><li>-Construction de l\u2019espace de gastronomie (cuisine)&nbsp;;<\/li><li>-Am\u00e9nagement de l\u2019espace de four \u00e0 gaz&nbsp;;<\/li><li>-Le remblayage de la cour<\/li><li>-La construction d\u2019un hangar c\u00f4t\u00e9 restaurant<\/li><li>-La construction d\u2019une toilette visiteurs<\/li><\/ul>\n\n\n\n<p><strong>V- Annexe<\/strong><\/p>\n\n\n\n<figure class=\"wp-block-gallery columns-1 is-cropped\"><ul class=\"blocks-gallery-grid\"><li class=\"blocks-gallery-item\"><figure><img loading=\"lazy\" width=\"885\" height=\"570\" src=\"https:\/\/aunomdelart.net\/wp-content\/uploads\/2025\/08\/Capture-decran-2025-08-17-224609.png\" alt=\"\" data-id=\"845\" data-full-url=\"https:\/\/aunomdelart.net\/wp-content\/uploads\/2025\/08\/Capture-decran-2025-08-17-224609.png\" data-link=\"https:\/\/aunomdelart.net\/index.php\/projets-et-actions\/gaoui-village-de-largile-2021-2022\/capture-decran-2025-08-17-224609\/\" class=\"wp-image-845\" srcset=\"https:\/\/aunomdelart.net\/wp-content\/uploads\/2025\/08\/Capture-decran-2025-08-17-224609.png 885w, https:\/\/aunomdelart.net\/wp-content\/uploads\/2025\/08\/Capture-decran-2025-08-17-224609-300x193.png 300w, https:\/\/aunomdelart.net\/wp-content\/uploads\/2025\/08\/Capture-decran-2025-08-17-224609-768x495.png 768w, https:\/\/aunomdelart.net\/wp-content\/uploads\/2025\/08\/Capture-decran-2025-08-17-224609-830x535.png 830w, https:\/\/aunomdelart.net\/wp-content\/uploads\/2025\/08\/Capture-decran-2025-08-17-224609-230x148.png 230w, https:\/\/aunomdelart.net\/wp-content\/uploads\/2025\/08\/Capture-decran-2025-08-17-224609-350x225.png 350w, https:\/\/aunomdelart.net\/wp-content\/uploads\/2025\/08\/Capture-decran-2025-08-17-224609-480x309.png 480w\" sizes=\"(max-width: 885px) 100vw, 885px\" \/><\/figure><\/li><\/ul><\/figure>\n\n\n\n<figure class=\"wp-block-gallery columns-3 is-cropped\"><ul class=\"blocks-gallery-grid\"><li class=\"blocks-gallery-item\"><figure><img loading=\"lazy\" width=\"600\" height=\"343\" src=\"https:\/\/aunomdelart.net\/wp-content\/uploads\/2025\/08\/474981398_1210197423794835_6722270207506353546_n.jpg\" alt=\"\" data-id=\"842\" data-full-url=\"https:\/\/aunomdelart.net\/wp-content\/uploads\/2025\/08\/474981398_1210197423794835_6722270207506353546_n.jpg\" data-link=\"https:\/\/aunomdelart.net\/index.php\/projets-et-actions\/gaoui-village-de-largile-2021-2022\/474981398_1210197423794835_6722270207506353546_n\/\" class=\"wp-image-842\" srcset=\"https:\/\/aunomdelart.net\/wp-content\/uploads\/2025\/08\/474981398_1210197423794835_6722270207506353546_n.jpg 600w, https:\/\/aunomdelart.net\/wp-content\/uploads\/2025\/08\/474981398_1210197423794835_6722270207506353546_n-300x172.jpg 300w, https:\/\/aunomdelart.net\/wp-content\/uploads\/2025\/08\/474981398_1210197423794835_6722270207506353546_n-230x131.jpg 230w, https:\/\/aunomdelart.net\/wp-content\/uploads\/2025\/08\/474981398_1210197423794835_6722270207506353546_n-350x200.jpg 350w, https:\/\/aunomdelart.net\/wp-content\/uploads\/2025\/08\/474981398_1210197423794835_6722270207506353546_n-480x274.jpg 480w\" sizes=\"(max-width: 600px) 100vw, 600px\" \/><\/figure><\/li><li class=\"blocks-gallery-item\"><figure><img loading=\"lazy\" width=\"1024\" height=\"1024\" src=\"https:\/\/aunomdelart.net\/wp-content\/uploads\/2025\/08\/475190107_1210197133794864_8312839385189444184_n-1024x1024.jpg\" alt=\"\" data-id=\"843\" data-full-url=\"https:\/\/aunomdelart.net\/wp-content\/uploads\/2025\/08\/475190107_1210197133794864_8312839385189444184_n.jpg\" data-link=\"https:\/\/aunomdelart.net\/index.php\/projets-et-actions\/gaoui-village-de-largile-2021-2022\/475190107_1210197133794864_8312839385189444184_n\/\" class=\"wp-image-843\" srcset=\"https:\/\/aunomdelart.net\/wp-content\/uploads\/2025\/08\/475190107_1210197133794864_8312839385189444184_n-1024x1024.jpg 1024w, https:\/\/aunomdelart.net\/wp-content\/uploads\/2025\/08\/475190107_1210197133794864_8312839385189444184_n-300x300.jpg 300w, https:\/\/aunomdelart.net\/wp-content\/uploads\/2025\/08\/475190107_1210197133794864_8312839385189444184_n-150x150.jpg 150w, https:\/\/aunomdelart.net\/wp-content\/uploads\/2025\/08\/475190107_1210197133794864_8312839385189444184_n-768x768.jpg 768w, https:\/\/aunomdelart.net\/wp-content\/uploads\/2025\/08\/475190107_1210197133794864_8312839385189444184_n-1536x1536.jpg 1536w, https:\/\/aunomdelart.net\/wp-content\/uploads\/2025\/08\/475190107_1210197133794864_8312839385189444184_n-830x830.jpg 830w, https:\/\/aunomdelart.net\/wp-content\/uploads\/2025\/08\/475190107_1210197133794864_8312839385189444184_n-230x230.jpg 230w, https:\/\/aunomdelart.net\/wp-content\/uploads\/2025\/08\/475190107_1210197133794864_8312839385189444184_n-350x350.jpg 350w, https:\/\/aunomdelart.net\/wp-content\/uploads\/2025\/08\/475190107_1210197133794864_8312839385189444184_n-480x480.jpg 480w, https:\/\/aunomdelart.net\/wp-content\/uploads\/2025\/08\/475190107_1210197133794864_8312839385189444184_n.jpg 1620w\" sizes=\"(max-width: 1024px) 100vw, 1024px\" \/><\/figure><\/li><li class=\"blocks-gallery-item\"><figure><img loading=\"lazy\" width=\"600\" height=\"450\" src=\"https:\/\/aunomdelart.net\/wp-content\/uploads\/2025\/08\/480749524_1038425351662973_1583597639197916401_n.jpg\" alt=\"\" data-id=\"844\" data-full-url=\"https:\/\/aunomdelart.net\/wp-content\/uploads\/2025\/08\/480749524_1038425351662973_1583597639197916401_n.jpg\" data-link=\"https:\/\/aunomdelart.net\/index.php\/projets-et-actions\/gaoui-village-de-largile-2021-2022\/480749524_1038425351662973_1583597639197916401_n\/\" class=\"wp-image-844\" srcset=\"https:\/\/aunomdelart.net\/wp-content\/uploads\/2025\/08\/480749524_1038425351662973_1583597639197916401_n.jpg 600w, https:\/\/aunomdelart.net\/wp-content\/uploads\/2025\/08\/480749524_1038425351662973_1583597639197916401_n-300x225.jpg 300w, https:\/\/aunomdelart.net\/wp-content\/uploads\/2025\/08\/480749524_1038425351662973_1583597639197916401_n-230x173.jpg 230w, https:\/\/aunomdelart.net\/wp-content\/uploads\/2025\/08\/480749524_1038425351662973_1583597639197916401_n-350x263.jpg 350w, https:\/\/aunomdelart.net\/wp-content\/uploads\/2025\/08\/480749524_1038425351662973_1583597639197916401_n-480x360.jpg 480w\" sizes=\"(max-width: 600px) 100vw, 600px\" \/><\/figure><\/li><\/ul><\/figure>\n\n\n\n<hr class=\"wp-block-separator\"\/>\n\n\n\n<p><a href=\"#_ftnref1\">[1]<\/a> <a href=\"http:\/\/aunomdelart.net\/index.php\/2021\/09\/01\/254\/\">http:\/\/aunomdelart.net\/index.php\/2021\/09\/01\/254\/<\/a><\/p>\n\n\n\n<p><a href=\"https:\/\/m.facebook.com\/watch\/?v=251977073661573&amp;_rdr\"><sup><u><sup>[2]<\/sup><\/u><\/sup> https:\/\/m.facebook.com\/watch\/?v=251977073661573&amp;_rdr<\/a><\/p>\n","protected":false},"excerpt":{"rendered":"<p>Association Au Nom de l\u2019Art (Tchad) et Talents d\u2019Ailleurs (France) &nbsp;Avec une participation financi\u00e8re d&#8217;Acc\u00e8s culture L&#8217;ann\u00e9e 2021\/2022 a \u00e9t\u00e9 ax\u00e9e sur le renforcement des capacit\u00e9s du village de Gaoui \u00e0 travers&nbsp;: La formation des femmes poti\u00e8res de Gaoui par nos partenaires de Grenoble. La construction d\u2019un four \u00e0 gaz et l\u2019apprentissage de son utilisation [&hellip;]<\/p>\n","protected":false},"author":1,"featured_media":0,"parent":281,"menu_order":3,"comment_status":"closed","ping_status":"closed","template":"","meta":[],"_links":{"self":[{"href":"https:\/\/aunomdelart.net\/index.php\/wp-json\/wp\/v2\/pages\/274"}],"collection":[{"href":"https:\/\/aunomdelart.net\/index.php\/wp-json\/wp\/v2\/pages"}],"about":[{"href":"https:\/\/aunomdelart.net\/index.php\/wp-json\/wp\/v2\/types\/page"}],"author":[{"embeddable":true,"href":"https:\/\/aunomdelart.net\/index.php\/wp-json\/wp\/v2\/users\/1"}],"replies":[{"embeddable":true,"href":"https:\/\/aunomdelart.net\/index.php\/wp-json\/wp\/v2\/comments?post=274"}],"version-history":[{"count":5,"href":"https:\/\/aunomdelart.net\/index.php\/wp-json\/wp\/v2\/pages\/274\/revisions"}],"predecessor-version":[{"id":846,"href":"https:\/\/aunomdelart.net\/index.php\/wp-json\/wp\/v2\/pages\/274\/revisions\/846"}],"up":[{"embeddable":true,"href":"https:\/\/aunomdelart.net\/index.php\/wp-json\/wp\/v2\/pages\/281"}],"wp:attachment":[{"href":"https:\/\/aunomdelart.net\/index.php\/wp-json\/wp\/v2\/media?parent=274"}],"curies":[{"name":"wp","href":"https:\/\/api.w.org\/{rel}","templated":true}]}}