{"id":102,"date":"2021-02-15T12:31:21","date_gmt":"2021-02-15T11:31:21","guid":{"rendered":"http:\/\/aunomdelart.net\/?page_id=102"},"modified":"2021-04-18T14:38:47","modified_gmt":"2021-04-18T12:38:47","slug":"residence-de-creation-janvier-mars-2020","status":"publish","type":"page","link":"https:\/\/aunomdelart.net\/index.php\/projets-et-actions\/page-d-exemple\/residence-de-creation-janvier-mars-2020\/","title":{"rendered":"R\u00e9sidence de cr\u00e9ation &#8211;  Poterie &#8211; Musique"},"content":{"rendered":"\n<p>Quelques images en vrac depuis le lancement \u00e0 Poitiers en D\u00e9cembre 2019  jusqu&#8217;\u00e0 mai 2021 <\/p>\n\n\n\n<p>Ce sont deux r\u00e9sidences de cr\u00e9ation Musique- Nature Poterie et la cr\u00e9ation Au nom de l&#8217;Art Acad\u00e9mie<\/p>\n\n\n\n<figure class=\"wp-block-gallery columns-3 is-cropped\"><ul class=\"blocks-gallery-grid\"><li class=\"blocks-gallery-item\"><figure><img loading=\"lazy\" width=\"206\" height=\"206\" src=\"http:\/\/aunomdelart.net\/wp-content\/uploads\/2021\/04\/78977796_10162834271640121_677171649425965056_n.jpg\" alt=\"\" data-id=\"235\" data-full-url=\"http:\/\/aunomdelart.net\/wp-content\/uploads\/2021\/04\/78977796_10162834271640121_677171649425965056_n.jpg\" data-link=\"http:\/\/aunomdelart.net\/index.php\/page-d-exemple\/residence-de-creation-janvier-mars-2020\/78977796_10162834271640121_677171649425965056_n\/\" class=\"wp-image-235\" srcset=\"https:\/\/aunomdelart.net\/wp-content\/uploads\/2021\/04\/78977796_10162834271640121_677171649425965056_n.jpg 206w, https:\/\/aunomdelart.net\/wp-content\/uploads\/2021\/04\/78977796_10162834271640121_677171649425965056_n-150x150.jpg 150w\" sizes=\"(max-width: 206px) 100vw, 206px\" \/><\/figure><\/li><li class=\"blocks-gallery-item\"><figure><img loading=\"lazy\" width=\"960\" height=\"540\" src=\"http:\/\/aunomdelart.net\/wp-content\/uploads\/2021\/04\/87447559_10163206727170121_7132897418214899712_n.jpg\" alt=\"\" data-id=\"236\" data-full-url=\"http:\/\/aunomdelart.net\/wp-content\/uploads\/2021\/04\/87447559_10163206727170121_7132897418214899712_n.jpg\" data-link=\"http:\/\/aunomdelart.net\/index.php\/page-d-exemple\/residence-de-creation-janvier-mars-2020\/87447559_10163206727170121_7132897418214899712_n\/\" class=\"wp-image-236\" srcset=\"https:\/\/aunomdelart.net\/wp-content\/uploads\/2021\/04\/87447559_10163206727170121_7132897418214899712_n.jpg 960w, https:\/\/aunomdelart.net\/wp-content\/uploads\/2021\/04\/87447559_10163206727170121_7132897418214899712_n-300x169.jpg 300w, https:\/\/aunomdelart.net\/wp-content\/uploads\/2021\/04\/87447559_10163206727170121_7132897418214899712_n-768x432.jpg 768w, https:\/\/aunomdelart.net\/wp-content\/uploads\/2021\/04\/87447559_10163206727170121_7132897418214899712_n-830x467.jpg 830w, https:\/\/aunomdelart.net\/wp-content\/uploads\/2021\/04\/87447559_10163206727170121_7132897418214899712_n-230x129.jpg 230w, https:\/\/aunomdelart.net\/wp-content\/uploads\/2021\/04\/87447559_10163206727170121_7132897418214899712_n-350x197.jpg 350w, https:\/\/aunomdelart.net\/wp-content\/uploads\/2021\/04\/87447559_10163206727170121_7132897418214899712_n-480x270.jpg 480w\" sizes=\"(max-width: 960px) 100vw, 960px\" \/><\/figure><\/li><li class=\"blocks-gallery-item\"><figure><img loading=\"lazy\" width=\"206\" height=\"206\" src=\"http:\/\/aunomdelart.net\/wp-content\/uploads\/2021\/04\/121814168_10164503295465121_1857884921559386774_n.jpg\" alt=\"\" data-id=\"237\" data-full-url=\"http:\/\/aunomdelart.net\/wp-content\/uploads\/2021\/04\/121814168_10164503295465121_1857884921559386774_n.jpg\" data-link=\"http:\/\/aunomdelart.net\/index.php\/page-d-exemple\/residence-de-creation-janvier-mars-2020\/121814168_10164503295465121_1857884921559386774_n\/\" class=\"wp-image-237\" srcset=\"https:\/\/aunomdelart.net\/wp-content\/uploads\/2021\/04\/121814168_10164503295465121_1857884921559386774_n.jpg 206w, https:\/\/aunomdelart.net\/wp-content\/uploads\/2021\/04\/121814168_10164503295465121_1857884921559386774_n-150x150.jpg 150w\" sizes=\"(max-width: 206px) 100vw, 206px\" \/><\/figure><\/li><li class=\"blocks-gallery-item\"><figure><img loading=\"lazy\" width=\"206\" height=\"206\" src=\"http:\/\/aunomdelart.net\/wp-content\/uploads\/2021\/04\/122503766_10164530435660121_8002361439026076930_n.jpg\" alt=\"\" data-id=\"238\" data-full-url=\"http:\/\/aunomdelart.net\/wp-content\/uploads\/2021\/04\/122503766_10164530435660121_8002361439026076930_n.jpg\" data-link=\"http:\/\/aunomdelart.net\/index.php\/page-d-exemple\/residence-de-creation-janvier-mars-2020\/122503766_10164530435660121_8002361439026076930_n\/\" class=\"wp-image-238\" srcset=\"https:\/\/aunomdelart.net\/wp-content\/uploads\/2021\/04\/122503766_10164530435660121_8002361439026076930_n.jpg 206w, https:\/\/aunomdelart.net\/wp-content\/uploads\/2021\/04\/122503766_10164530435660121_8002361439026076930_n-150x150.jpg 150w\" sizes=\"(max-width: 206px) 100vw, 206px\" \/><\/figure><\/li><li class=\"blocks-gallery-item\"><figure><img loading=\"lazy\" width=\"206\" height=\"206\" src=\"http:\/\/aunomdelart.net\/wp-content\/uploads\/2021\/04\/122589314_10164530441340121_2374876804037345341_n.jpg\" alt=\"\" data-id=\"239\" data-full-url=\"http:\/\/aunomdelart.net\/wp-content\/uploads\/2021\/04\/122589314_10164530441340121_2374876804037345341_n.jpg\" data-link=\"http:\/\/aunomdelart.net\/index.php\/page-d-exemple\/residence-de-creation-janvier-mars-2020\/122589314_10164530441340121_2374876804037345341_n\/\" class=\"wp-image-239\" srcset=\"https:\/\/aunomdelart.net\/wp-content\/uploads\/2021\/04\/122589314_10164530441340121_2374876804037345341_n.jpg 206w, https:\/\/aunomdelart.net\/wp-content\/uploads\/2021\/04\/122589314_10164530441340121_2374876804037345341_n-150x150.jpg 150w\" sizes=\"(max-width: 206px) 100vw, 206px\" \/><\/figure><\/li><li class=\"blocks-gallery-item\"><figure><img loading=\"lazy\" width=\"960\" height=\"640\" src=\"http:\/\/aunomdelart.net\/wp-content\/uploads\/2021\/04\/124646757_10164594924130121_226829745376354519_n.jpg\" alt=\"\" data-id=\"240\" data-full-url=\"http:\/\/aunomdelart.net\/wp-content\/uploads\/2021\/04\/124646757_10164594924130121_226829745376354519_n.jpg\" data-link=\"http:\/\/aunomdelart.net\/index.php\/page-d-exemple\/residence-de-creation-janvier-mars-2020\/124646757_10164594924130121_226829745376354519_n\/\" class=\"wp-image-240\" srcset=\"https:\/\/aunomdelart.net\/wp-content\/uploads\/2021\/04\/124646757_10164594924130121_226829745376354519_n.jpg 960w, https:\/\/aunomdelart.net\/wp-content\/uploads\/2021\/04\/124646757_10164594924130121_226829745376354519_n-300x200.jpg 300w, https:\/\/aunomdelart.net\/wp-content\/uploads\/2021\/04\/124646757_10164594924130121_226829745376354519_n-768x512.jpg 768w, https:\/\/aunomdelart.net\/wp-content\/uploads\/2021\/04\/124646757_10164594924130121_226829745376354519_n-830x553.jpg 830w, https:\/\/aunomdelart.net\/wp-content\/uploads\/2021\/04\/124646757_10164594924130121_226829745376354519_n-230x153.jpg 230w, https:\/\/aunomdelart.net\/wp-content\/uploads\/2021\/04\/124646757_10164594924130121_226829745376354519_n-350x233.jpg 350w, https:\/\/aunomdelart.net\/wp-content\/uploads\/2021\/04\/124646757_10164594924130121_226829745376354519_n-480x320.jpg 480w\" sizes=\"(max-width: 960px) 100vw, 960px\" \/><\/figure><\/li><li class=\"blocks-gallery-item\"><figure><img loading=\"lazy\" width=\"960\" height=\"720\" src=\"http:\/\/aunomdelart.net\/wp-content\/uploads\/2021\/04\/126906265_10164651782410121_4017654236295125697_n.jpg\" alt=\"\" data-id=\"241\" data-full-url=\"http:\/\/aunomdelart.net\/wp-content\/uploads\/2021\/04\/126906265_10164651782410121_4017654236295125697_n.jpg\" data-link=\"http:\/\/aunomdelart.net\/index.php\/page-d-exemple\/residence-de-creation-janvier-mars-2020\/126906265_10164651782410121_4017654236295125697_n\/\" class=\"wp-image-241\" srcset=\"https:\/\/aunomdelart.net\/wp-content\/uploads\/2021\/04\/126906265_10164651782410121_4017654236295125697_n.jpg 960w, https:\/\/aunomdelart.net\/wp-content\/uploads\/2021\/04\/126906265_10164651782410121_4017654236295125697_n-300x225.jpg 300w, https:\/\/aunomdelart.net\/wp-content\/uploads\/2021\/04\/126906265_10164651782410121_4017654236295125697_n-768x576.jpg 768w, https:\/\/aunomdelart.net\/wp-content\/uploads\/2021\/04\/126906265_10164651782410121_4017654236295125697_n-830x623.jpg 830w, https:\/\/aunomdelart.net\/wp-content\/uploads\/2021\/04\/126906265_10164651782410121_4017654236295125697_n-230x173.jpg 230w, https:\/\/aunomdelart.net\/wp-content\/uploads\/2021\/04\/126906265_10164651782410121_4017654236295125697_n-350x263.jpg 350w, https:\/\/aunomdelart.net\/wp-content\/uploads\/2021\/04\/126906265_10164651782410121_4017654236295125697_n-480x360.jpg 480w\" sizes=\"(max-width: 960px) 100vw, 960px\" \/><\/figure><\/li><li class=\"blocks-gallery-item\"><figure><img loading=\"lazy\" width=\"1008\" height=\"756\" src=\"http:\/\/aunomdelart.net\/wp-content\/uploads\/2021\/04\/128101553_10164674760645121_7184743887926319772_n.jpg\" alt=\"\" data-id=\"242\" data-full-url=\"http:\/\/aunomdelart.net\/wp-content\/uploads\/2021\/04\/128101553_10164674760645121_7184743887926319772_n.jpg\" data-link=\"http:\/\/aunomdelart.net\/index.php\/page-d-exemple\/residence-de-creation-janvier-mars-2020\/128101553_10164674760645121_7184743887926319772_n\/\" class=\"wp-image-242\" srcset=\"https:\/\/aunomdelart.net\/wp-content\/uploads\/2021\/04\/128101553_10164674760645121_7184743887926319772_n.jpg 1008w, https:\/\/aunomdelart.net\/wp-content\/uploads\/2021\/04\/128101553_10164674760645121_7184743887926319772_n-300x225.jpg 300w, https:\/\/aunomdelart.net\/wp-content\/uploads\/2021\/04\/128101553_10164674760645121_7184743887926319772_n-768x576.jpg 768w, https:\/\/aunomdelart.net\/wp-content\/uploads\/2021\/04\/128101553_10164674760645121_7184743887926319772_n-830x623.jpg 830w, https:\/\/aunomdelart.net\/wp-content\/uploads\/2021\/04\/128101553_10164674760645121_7184743887926319772_n-230x173.jpg 230w, https:\/\/aunomdelart.net\/wp-content\/uploads\/2021\/04\/128101553_10164674760645121_7184743887926319772_n-350x263.jpg 350w, https:\/\/aunomdelart.net\/wp-content\/uploads\/2021\/04\/128101553_10164674760645121_7184743887926319772_n-480x360.jpg 480w\" sizes=\"(max-width: 1008px) 100vw, 1008px\" \/><\/figure><\/li><li class=\"blocks-gallery-item\"><figure><img loading=\"lazy\" width=\"1024\" height=\"768\" src=\"http:\/\/aunomdelart.net\/wp-content\/uploads\/2021\/04\/128384640_10164674760720121_1095269345184002231_n-1024x768.jpg\" alt=\"\" data-id=\"243\" data-full-url=\"http:\/\/aunomdelart.net\/wp-content\/uploads\/2021\/04\/128384640_10164674760720121_1095269345184002231_n.jpg\" data-link=\"http:\/\/aunomdelart.net\/index.php\/page-d-exemple\/residence-de-creation-janvier-mars-2020\/128384640_10164674760720121_1095269345184002231_n\/\" class=\"wp-image-243\" srcset=\"https:\/\/aunomdelart.net\/wp-content\/uploads\/2021\/04\/128384640_10164674760720121_1095269345184002231_n-1024x768.jpg 1024w, https:\/\/aunomdelart.net\/wp-content\/uploads\/2021\/04\/128384640_10164674760720121_1095269345184002231_n-300x225.jpg 300w, https:\/\/aunomdelart.net\/wp-content\/uploads\/2021\/04\/128384640_10164674760720121_1095269345184002231_n-768x576.jpg 768w, https:\/\/aunomdelart.net\/wp-content\/uploads\/2021\/04\/128384640_10164674760720121_1095269345184002231_n-830x623.jpg 830w, https:\/\/aunomdelart.net\/wp-content\/uploads\/2021\/04\/128384640_10164674760720121_1095269345184002231_n-230x173.jpg 230w, https:\/\/aunomdelart.net\/wp-content\/uploads\/2021\/04\/128384640_10164674760720121_1095269345184002231_n-350x263.jpg 350w, https:\/\/aunomdelart.net\/wp-content\/uploads\/2021\/04\/128384640_10164674760720121_1095269345184002231_n-480x360.jpg 480w, https:\/\/aunomdelart.net\/wp-content\/uploads\/2021\/04\/128384640_10164674760720121_1095269345184002231_n.jpg 1172w\" sizes=\"(max-width: 1024px) 100vw, 1024px\" \/><\/figure><\/li><li class=\"blocks-gallery-item\"><figure><img loading=\"lazy\" width=\"960\" height=\"720\" src=\"http:\/\/aunomdelart.net\/wp-content\/uploads\/2021\/04\/131318486_10164742293145121_7038325080104699193_n.jpg\" alt=\"\" data-id=\"244\" data-full-url=\"http:\/\/aunomdelart.net\/wp-content\/uploads\/2021\/04\/131318486_10164742293145121_7038325080104699193_n.jpg\" data-link=\"http:\/\/aunomdelart.net\/index.php\/page-d-exemple\/residence-de-creation-janvier-mars-2020\/131318486_10164742293145121_7038325080104699193_n\/\" class=\"wp-image-244\" srcset=\"https:\/\/aunomdelart.net\/wp-content\/uploads\/2021\/04\/131318486_10164742293145121_7038325080104699193_n.jpg 960w, https:\/\/aunomdelart.net\/wp-content\/uploads\/2021\/04\/131318486_10164742293145121_7038325080104699193_n-300x225.jpg 300w, https:\/\/aunomdelart.net\/wp-content\/uploads\/2021\/04\/131318486_10164742293145121_7038325080104699193_n-768x576.jpg 768w, https:\/\/aunomdelart.net\/wp-content\/uploads\/2021\/04\/131318486_10164742293145121_7038325080104699193_n-830x623.jpg 830w, https:\/\/aunomdelart.net\/wp-content\/uploads\/2021\/04\/131318486_10164742293145121_7038325080104699193_n-230x173.jpg 230w, https:\/\/aunomdelart.net\/wp-content\/uploads\/2021\/04\/131318486_10164742293145121_7038325080104699193_n-350x263.jpg 350w, https:\/\/aunomdelart.net\/wp-content\/uploads\/2021\/04\/131318486_10164742293145121_7038325080104699193_n-480x360.jpg 480w\" sizes=\"(max-width: 960px) 100vw, 960px\" \/><\/figure><\/li><li class=\"blocks-gallery-item\"><figure><img loading=\"lazy\" width=\"960\" height=\"720\" src=\"http:\/\/aunomdelart.net\/wp-content\/uploads\/2021\/04\/131733916_10164742294525121_930498265115785616_n.jpg\" alt=\"\" data-id=\"245\" data-full-url=\"http:\/\/aunomdelart.net\/wp-content\/uploads\/2021\/04\/131733916_10164742294525121_930498265115785616_n.jpg\" data-link=\"http:\/\/aunomdelart.net\/index.php\/page-d-exemple\/residence-de-creation-janvier-mars-2020\/131733916_10164742294525121_930498265115785616_n\/\" class=\"wp-image-245\" srcset=\"https:\/\/aunomdelart.net\/wp-content\/uploads\/2021\/04\/131733916_10164742294525121_930498265115785616_n.jpg 960w, https:\/\/aunomdelart.net\/wp-content\/uploads\/2021\/04\/131733916_10164742294525121_930498265115785616_n-300x225.jpg 300w, https:\/\/aunomdelart.net\/wp-content\/uploads\/2021\/04\/131733916_10164742294525121_930498265115785616_n-768x576.jpg 768w, https:\/\/aunomdelart.net\/wp-content\/uploads\/2021\/04\/131733916_10164742294525121_930498265115785616_n-830x623.jpg 830w, https:\/\/aunomdelart.net\/wp-content\/uploads\/2021\/04\/131733916_10164742294525121_930498265115785616_n-230x173.jpg 230w, https:\/\/aunomdelart.net\/wp-content\/uploads\/2021\/04\/131733916_10164742294525121_930498265115785616_n-350x263.jpg 350w, https:\/\/aunomdelart.net\/wp-content\/uploads\/2021\/04\/131733916_10164742294525121_930498265115785616_n-480x360.jpg 480w\" sizes=\"(max-width: 960px) 100vw, 960px\" \/><\/figure><\/li><li class=\"blocks-gallery-item\"><figure><img loading=\"lazy\" width=\"960\" height=\"720\" src=\"http:\/\/aunomdelart.net\/wp-content\/uploads\/2021\/04\/131902240_10164753914585121_3139444265151241861_n.jpg\" alt=\"\" data-id=\"246\" data-full-url=\"http:\/\/aunomdelart.net\/wp-content\/uploads\/2021\/04\/131902240_10164753914585121_3139444265151241861_n.jpg\" data-link=\"http:\/\/aunomdelart.net\/index.php\/page-d-exemple\/residence-de-creation-janvier-mars-2020\/131902240_10164753914585121_3139444265151241861_n\/\" class=\"wp-image-246\" srcset=\"https:\/\/aunomdelart.net\/wp-content\/uploads\/2021\/04\/131902240_10164753914585121_3139444265151241861_n.jpg 960w, https:\/\/aunomdelart.net\/wp-content\/uploads\/2021\/04\/131902240_10164753914585121_3139444265151241861_n-300x225.jpg 300w, https:\/\/aunomdelart.net\/wp-content\/uploads\/2021\/04\/131902240_10164753914585121_3139444265151241861_n-768x576.jpg 768w, https:\/\/aunomdelart.net\/wp-content\/uploads\/2021\/04\/131902240_10164753914585121_3139444265151241861_n-830x623.jpg 830w, https:\/\/aunomdelart.net\/wp-content\/uploads\/2021\/04\/131902240_10164753914585121_3139444265151241861_n-230x173.jpg 230w, https:\/\/aunomdelart.net\/wp-content\/uploads\/2021\/04\/131902240_10164753914585121_3139444265151241861_n-350x263.jpg 350w, https:\/\/aunomdelart.net\/wp-content\/uploads\/2021\/04\/131902240_10164753914585121_3139444265151241861_n-480x360.jpg 480w\" sizes=\"(max-width: 960px) 100vw, 960px\" \/><\/figure><\/li><li class=\"blocks-gallery-item\"><figure><img loading=\"lazy\" width=\"960\" height=\"720\" src=\"http:\/\/aunomdelart.net\/wp-content\/uploads\/2021\/04\/131925561_10164753916535121_5552229032080776116_n.jpg\" alt=\"\" data-id=\"247\" data-full-url=\"http:\/\/aunomdelart.net\/wp-content\/uploads\/2021\/04\/131925561_10164753916535121_5552229032080776116_n.jpg\" data-link=\"http:\/\/aunomdelart.net\/index.php\/page-d-exemple\/residence-de-creation-janvier-mars-2020\/131925561_10164753916535121_5552229032080776116_n\/\" class=\"wp-image-247\" srcset=\"https:\/\/aunomdelart.net\/wp-content\/uploads\/2021\/04\/131925561_10164753916535121_5552229032080776116_n.jpg 960w, https:\/\/aunomdelart.net\/wp-content\/uploads\/2021\/04\/131925561_10164753916535121_5552229032080776116_n-300x225.jpg 300w, https:\/\/aunomdelart.net\/wp-content\/uploads\/2021\/04\/131925561_10164753916535121_5552229032080776116_n-768x576.jpg 768w, https:\/\/aunomdelart.net\/wp-content\/uploads\/2021\/04\/131925561_10164753916535121_5552229032080776116_n-830x623.jpg 830w, https:\/\/aunomdelart.net\/wp-content\/uploads\/2021\/04\/131925561_10164753916535121_5552229032080776116_n-230x173.jpg 230w, https:\/\/aunomdelart.net\/wp-content\/uploads\/2021\/04\/131925561_10164753916535121_5552229032080776116_n-350x263.jpg 350w, https:\/\/aunomdelart.net\/wp-content\/uploads\/2021\/04\/131925561_10164753916535121_5552229032080776116_n-480x360.jpg 480w\" sizes=\"(max-width: 960px) 100vw, 960px\" \/><\/figure><\/li><li class=\"blocks-gallery-item\"><figure><img loading=\"lazy\" width=\"960\" height=\"720\" src=\"http:\/\/aunomdelart.net\/wp-content\/uploads\/2021\/04\/131927953_10164753916805121_3600265564592313143_n.jpg\" alt=\"\" data-id=\"248\" data-full-url=\"http:\/\/aunomdelart.net\/wp-content\/uploads\/2021\/04\/131927953_10164753916805121_3600265564592313143_n.jpg\" data-link=\"http:\/\/aunomdelart.net\/index.php\/page-d-exemple\/residence-de-creation-janvier-mars-2020\/131927953_10164753916805121_3600265564592313143_n\/\" class=\"wp-image-248\" srcset=\"https:\/\/aunomdelart.net\/wp-content\/uploads\/2021\/04\/131927953_10164753916805121_3600265564592313143_n.jpg 960w, https:\/\/aunomdelart.net\/wp-content\/uploads\/2021\/04\/131927953_10164753916805121_3600265564592313143_n-300x225.jpg 300w, https:\/\/aunomdelart.net\/wp-content\/uploads\/2021\/04\/131927953_10164753916805121_3600265564592313143_n-768x576.jpg 768w, https:\/\/aunomdelart.net\/wp-content\/uploads\/2021\/04\/131927953_10164753916805121_3600265564592313143_n-830x623.jpg 830w, https:\/\/aunomdelart.net\/wp-content\/uploads\/2021\/04\/131927953_10164753916805121_3600265564592313143_n-230x173.jpg 230w, https:\/\/aunomdelart.net\/wp-content\/uploads\/2021\/04\/131927953_10164753916805121_3600265564592313143_n-350x263.jpg 350w, https:\/\/aunomdelart.net\/wp-content\/uploads\/2021\/04\/131927953_10164753916805121_3600265564592313143_n-480x360.jpg 480w\" sizes=\"(max-width: 960px) 100vw, 960px\" \/><\/figure><\/li><li class=\"blocks-gallery-item\"><figure><img loading=\"lazy\" width=\"960\" height=\"720\" src=\"http:\/\/aunomdelart.net\/wp-content\/uploads\/2021\/04\/132000932_10164753917005121_5110474290017182861_n.jpg\" alt=\"\" data-id=\"249\" data-full-url=\"http:\/\/aunomdelart.net\/wp-content\/uploads\/2021\/04\/132000932_10164753917005121_5110474290017182861_n.jpg\" data-link=\"http:\/\/aunomdelart.net\/index.php\/page-d-exemple\/residence-de-creation-janvier-mars-2020\/132000932_10164753917005121_5110474290017182861_n\/\" class=\"wp-image-249\" srcset=\"https:\/\/aunomdelart.net\/wp-content\/uploads\/2021\/04\/132000932_10164753917005121_5110474290017182861_n.jpg 960w, https:\/\/aunomdelart.net\/wp-content\/uploads\/2021\/04\/132000932_10164753917005121_5110474290017182861_n-300x225.jpg 300w, https:\/\/aunomdelart.net\/wp-content\/uploads\/2021\/04\/132000932_10164753917005121_5110474290017182861_n-768x576.jpg 768w, https:\/\/aunomdelart.net\/wp-content\/uploads\/2021\/04\/132000932_10164753917005121_5110474290017182861_n-830x623.jpg 830w, https:\/\/aunomdelart.net\/wp-content\/uploads\/2021\/04\/132000932_10164753917005121_5110474290017182861_n-230x173.jpg 230w, https:\/\/aunomdelart.net\/wp-content\/uploads\/2021\/04\/132000932_10164753917005121_5110474290017182861_n-350x263.jpg 350w, https:\/\/aunomdelart.net\/wp-content\/uploads\/2021\/04\/132000932_10164753917005121_5110474290017182861_n-480x360.jpg 480w\" sizes=\"(max-width: 960px) 100vw, 960px\" \/><\/figure><\/li><li class=\"blocks-gallery-item\"><figure><img loading=\"lazy\" width=\"960\" height=\"720\" src=\"http:\/\/aunomdelart.net\/wp-content\/uploads\/2021\/04\/132040039_10164764658005121_1084030105939634810_n.jpg\" alt=\"\" data-id=\"250\" data-full-url=\"http:\/\/aunomdelart.net\/wp-content\/uploads\/2021\/04\/132040039_10164764658005121_1084030105939634810_n.jpg\" data-link=\"http:\/\/aunomdelart.net\/index.php\/page-d-exemple\/residence-de-creation-janvier-mars-2020\/132040039_10164764658005121_1084030105939634810_n\/\" class=\"wp-image-250\" srcset=\"https:\/\/aunomdelart.net\/wp-content\/uploads\/2021\/04\/132040039_10164764658005121_1084030105939634810_n.jpg 960w, https:\/\/aunomdelart.net\/wp-content\/uploads\/2021\/04\/132040039_10164764658005121_1084030105939634810_n-300x225.jpg 300w, https:\/\/aunomdelart.net\/wp-content\/uploads\/2021\/04\/132040039_10164764658005121_1084030105939634810_n-768x576.jpg 768w, https:\/\/aunomdelart.net\/wp-content\/uploads\/2021\/04\/132040039_10164764658005121_1084030105939634810_n-830x623.jpg 830w, https:\/\/aunomdelart.net\/wp-content\/uploads\/2021\/04\/132040039_10164764658005121_1084030105939634810_n-230x173.jpg 230w, https:\/\/aunomdelart.net\/wp-content\/uploads\/2021\/04\/132040039_10164764658005121_1084030105939634810_n-350x263.jpg 350w, https:\/\/aunomdelart.net\/wp-content\/uploads\/2021\/04\/132040039_10164764658005121_1084030105939634810_n-480x360.jpg 480w\" sizes=\"(max-width: 960px) 100vw, 960px\" \/><\/figure><\/li><li class=\"blocks-gallery-item\"><figure><img loading=\"lazy\" width=\"752\" height=\"750\" src=\"http:\/\/aunomdelart.net\/wp-content\/uploads\/2021\/04\/163573949_285879082893345_6780891478278771368_n-1.jpg\" alt=\"\" data-id=\"251\" data-full-url=\"http:\/\/aunomdelart.net\/wp-content\/uploads\/2021\/04\/163573949_285879082893345_6780891478278771368_n-1.jpg\" data-link=\"http:\/\/aunomdelart.net\/index.php\/page-d-exemple\/residence-de-creation-janvier-mars-2020\/163573949_285879082893345_6780891478278771368_n-1\/\" class=\"wp-image-251\" srcset=\"https:\/\/aunomdelart.net\/wp-content\/uploads\/2021\/04\/163573949_285879082893345_6780891478278771368_n-1.jpg 752w, https:\/\/aunomdelart.net\/wp-content\/uploads\/2021\/04\/163573949_285879082893345_6780891478278771368_n-1-300x300.jpg 300w, https:\/\/aunomdelart.net\/wp-content\/uploads\/2021\/04\/163573949_285879082893345_6780891478278771368_n-1-150x150.jpg 150w, https:\/\/aunomdelart.net\/wp-content\/uploads\/2021\/04\/163573949_285879082893345_6780891478278771368_n-1-230x229.jpg 230w, https:\/\/aunomdelart.net\/wp-content\/uploads\/2021\/04\/163573949_285879082893345_6780891478278771368_n-1-350x349.jpg 350w, https:\/\/aunomdelart.net\/wp-content\/uploads\/2021\/04\/163573949_285879082893345_6780891478278771368_n-1-480x479.jpg 480w\" sizes=\"(max-width: 752px) 100vw, 752px\" \/><\/figure><\/li><\/ul><\/figure>\n\n\n\n<figure class=\"wp-block-image\"><img loading=\"lazy\" width=\"724\" height=\"1024\" src=\"http:\/\/aunomdelart.net\/wp-content\/uploads\/2021\/02\/projet-au-nom-de-l-art-Tchad-V2-pdf-724x1024.jpg\" alt=\"\" class=\"wp-image-103\"\/><figcaption>T\u00e9l\u00e9charger le projet <\/figcaption><\/figure>\n","protected":false},"excerpt":{"rendered":"<p>Quelques images en vrac depuis le lancement \u00e0 Poitiers en D\u00e9cembre 2019 jusqu&#8217;\u00e0 mai 2021 Ce sont deux r\u00e9sidences de cr\u00e9ation Musique- Nature Poterie et la cr\u00e9ation Au nom de l&#8217;Art Acad\u00e9mie<\/p>\n","protected":false},"author":1,"featured_media":0,"parent":2,"menu_order":0,"comment_status":"closed","ping_status":"closed","template":"","meta":[],"_links":{"self":[{"href":"https:\/\/aunomdelart.net\/index.php\/wp-json\/wp\/v2\/pages\/102"}],"collection":[{"href":"https:\/\/aunomdelart.net\/index.php\/wp-json\/wp\/v2\/pages"}],"about":[{"href":"https:\/\/aunomdelart.net\/index.php\/wp-json\/wp\/v2\/types\/page"}],"author":[{"embeddable":true,"href":"https:\/\/aunomdelart.net\/index.php\/wp-json\/wp\/v2\/users\/1"}],"replies":[{"embeddable":true,"href":"https:\/\/aunomdelart.net\/index.php\/wp-json\/wp\/v2\/comments?post=102"}],"version-history":[{"count":4,"href":"https:\/\/aunomdelart.net\/index.php\/wp-json\/wp\/v2\/pages\/102\/revisions"}],"predecessor-version":[{"id":252,"href":"https:\/\/aunomdelart.net\/index.php\/wp-json\/wp\/v2\/pages\/102\/revisions\/252"}],"up":[{"embeddable":true,"href":"https:\/\/aunomdelart.net\/index.php\/wp-json\/wp\/v2\/pages\/2"}],"wp:attachment":[{"href":"https:\/\/aunomdelart.net\/index.php\/wp-json\/wp\/v2\/media?parent=102"}],"curies":[{"name":"wp","href":"https:\/\/api.w.org\/{rel}","templated":true}]}}